s the value of (-11 - -5 - 2) + 3?
-5
What is the value of -7 + (2 - 1) + (44 - 34)?
4
Calculate 1 - (11 - (8 - 3)).
-5
Evaluate (-1 - 0) + (4 - 1).
2
What is the value of 17 + -19 - (-4 + 7 + -10)?
5
Evaluate 3 - (-3 + -3 - -2 - -6).
1
What is 1 - ((2 - 4) + (0 - 2))?
5
What is the value of (-3 - -7) + 4 + -1 + -8?
-1
1 + 2 - (14 - 8)
-3
(9 - (-1 - -7)) + (-2 - 0)
1
What is 12 + (-4 + -3 - -5)?
10
What is the value of 2 - (-2 - -1 - 0)?
3
Evaluate -1 - (-4 - (0 + 0)) - 3.
0
What is (-8 - ((2 - 4) + -4)) + -1?
-3
Evaluate (-2 - -14) + 34 + -41.
5
What is the value of 5 - (-7 - -2 - (-7 + -2))?
1
What is 6 + (-14 - -8) - (0 - -1)?
-1
Evaluate (0 - -2) + 1 + -3 + 3.
3
Calculate 12 + (6 - -5) + -20.
3
Evaluate -1 + 1 + -1 - 0.
-1
-2 - (3 - (1 + (-1 - -1)))
-4
What is -24 + 22 + (9 - 0)?
7
2 - (-6 - -8 - 3)
3
Evaluate (-4 - (5 - 5)) + 0 + -1.
-5
Calculate (-8 - -4 - -6) + 2.
4
Calculate 1 + (5 - 7) + -2 + 5.
2
What is the value of (-3 - 0 - -6) + -7?
-4
Evaluate -1 - (4 + 0 + -1 + 1).
-5
-4 - (5 + -5 - 2)
-2
Evaluate -3 - (-1 + (-3 - -3)).
-2
Evaluate 5 + 1 + (4 - -8) + -15.
3
(7 - 7) + (-2 - -2) + -5
-5
Calculate -4 - 2 - (0 - 3 - 2).
-1
What is the value of (12 - 12) + -4 + 8 + 0?
4
What is 2 - 6 - (3 + -12 - -3)?
2
What is -4 - -2 - -1 - (8 + -13)?
4
Calculate -9 - -8 - (-1 + -1 - -1).
0
Evaluate -5 + (-3 - -1 - (-31 + 27)).
-3
Calculate 1 + (8 - 1) + -9.
-1
-13 - -7 - -3 - (-2 + 5)
-6
Evaluate -1 - (-4 - (3 + -2 - 6)).
-2
What is -19 + 5 + 3 + 3?
-8
Evaluate -2 - (-3 + 6) - (-5 - -1).
-1
(22 - 16) + (2 + -2 - 1)
5
Calculate -3 + -8 + 7 + 2.
-2
Evaluate -4 + (7 - -5) + -5.
3
Calculate 19 - (1 + -1 - -11).
8
What is the value of 7 - (4 + 7 - 2)?
-2
Calculate (1 - 1) + -1 - (49 - 47).
-3
Calculate 1 - -5 - (-25 - -26).
5
Calculate 14 - (-7 + (15 - 1)).
7
Evaluate -5 - -2 - -5 - -2 - 6.
-2
Calculate (-30 - -14 - -21) + -1 + 3.
7
3 + (16 - 9) + -8
2
What is the value of 7 - ((2 - -6) + 0) - -9?
8
(-6 - 9 - -4) + (5 - -1)
-5
-4 + 10 + -2 + 0
4
What is the value of 6 + (10 - (-8 + 17))?
7
What is the value of 2 - (0 - (4 + -15) - 7)?
-2
What is 2 - (4 + -9 + 16 + -2)?
-7
8 + -6 + -6 - -10
6
Calculate 0 - (-3 - 0 - -2).
1
1 - -3 - (19 - 17)
2
What is 7 + -5 + -2 + 2?
2
What is the value of 56 - 50 - (-2 - (-8 - 1))?
-1
What is the value of (7 - 12) + -2 - -5?
-2
Evaluate (-1 - -2) + 0 + 11 + -15.
-3
Calculate 5 + -14 - (-1 + -8).
0
2 - ((2 + -5 - -6) + -6)
5
What is the value of 6 + -10 + (1 - 0)?
-3
What is 10 + -14 + -3 + 1?
-6
Calculate 5 + -4 + 0 + -2 + 3.
2
Evaluate -2 - (2 + 3 + -4 + 0).
-3
Calculate -6 + 29 + -4 + -8.
11
What is the value of (-7 - -18) + 7 + -14 + 2?
6
Evaluate 1 + 1 + (-2 - 4) + 8.
4
(-4 - -1) + (2 - -3) + -7
-5
What is (-2 - -2 - 2 - -7) + -10?
-5
6 + 0 + (2 - 0)
8
What is the value of -1 + (5 - (2 + 0))?
2
Evaluate (52 - 73) + (-2 - -13).
-10
What is 3 + (1 - (6 + -1))?
-1
6 + (-2 - -1) + -2
3
Evaluate 7 + -9 + 0 + 4.
2
What is the value of -5 - (-12 - -9) - -7?
5
Evaluate 4 + 0 - 2 - 2.
0
Evaluate 10 + (0 - 7) - 7.
-4
Evaluate (5 - 3) + -2 - (0 - -2).
-2
Evaluate 5 + -10 + 5 + -4 + 1.
-3
What is (35 - 43) + 1 + 13?
6
What is the value of -9 + -3 + 8 + (0 - -5)?
1
Evaluate 6 - ((-7 - -6) + 6).
1
Evaluate (6 - 0) + (-7 - -1).
0
What is (4 - (2 + -5)) + -4 + -7?
-4
Evaluate 4 + (5 - 7) + 4.
6
Calculate -9 - (10 + -20 + 3).
-2
6 - 18 - -5 - -2
-5
(-3 + 1 - -17) + -12 + 7
10
What is 0 + 13 + -9 - (2 - 7)?
9
What is the value of (-1 - 4) + (3 - (1 - 6))?
3
What is the value of -1 - (8 - (0 - -3))?
-6
Calculate 8 + (0 - 0) + -7.
1
Calculate (3 - 4) + -2 - 0.
-3
Evaluate 4 - 0 - (-57 + 57).
4
Calculate -1 - (2 + -4) - (2 - 6).
5
What is the value of -7 - ((-4 - (3 - 11)) + -7)?
-4
Evaluate -2 - (3 - (13 - 10)).
-2
What is -5 + (-2 - (-2 + -8))?
3
Calculate -14 - -16 - (-5 + 2).
5
What is the value of 3 + (-8 - (-6 - -2))?
-1
Evaluate 9 - (21 + -16) - (-1 - 0).
5
Calculate 0 + ((7 - 8) + 7 - 4).
2
What is -4 + 0 - (-2 - (-2 + 1))?
-3
Calculate 6 - (-11 + 8 + (7 - 0)).
2
Calculate -11 - -14 - (0 - 0).
3
-14 + 3 - -4 - (-32 + 19)
6
15 + -7 + (1 - 9)
0
Calculate 12 - (15 + (0 - 8)).
5
Evaluate 28 + -30 + (-1 - -6) + -4.
-1
What is the value of 3 + -2 + -7 + 10 + -6?
-2
5 - ((-5 - 2) + 13 + -7)
6
What is the value of 2 + -3 + 20 + -20?
-1
Calculate (6 - 3 - 0) + -4 - 4.
-5
Evaluate (3 - (-5 + -4 + 14)) + 2.
0
Calculate 2 + 11 + -1 - (23 - 16).
5
What is (-4 - -6) + -4 - (-6 - -1)?
3
Evaluate 7 + (3 + -11 - 5).
-6
Calculate 6 + (-7 - -18) + -8 + 1.
10
Calculate 10 - (3 - 3 - -8).
2
What is the value of 2 - (-5 + 13 + -3)?
-3
4 + 0 - (73 - 64)
-5
What is the value of -1 + 0 - (-14 - -1 - -14)?
-2
Evaluate -6 - (0 - 6 - -6).
-6
What is the value of -3 - (-4 - 0 - 5)?
6
What is 2 + -6 - (1 + (-6 - -4))?
-3
2 - -4 - 7 - 3
-4
Evaluate -5 - (-8 - (-3 + 3 + -5)).
-2
What is the value of (-2 - (0 + -1)) + -16 + 17?
0
Calculate -11 + (9 - 2) + (2 - -1).
-1
What is -6 - (-13 + (3 - -4))?
0
10 - (10 + 0 - 8)
8
What is the value of 0 + 7 - (-27 + 38)?
-4
Evaluate 1 + -3 + (-58 - -65).
5
What is 4 - -1 - (-26 - -37)?
-6
-1 + -3 + (5 - -2)
3
What is -8 - (-7 - -7 - -1)?
-9
What is the value of 1 + -1 + (-24 - -19)?
-5
What is the value of 5 + -17 - (-3 + (2 - 5))?
-6
12 + -4 - (1 + 2)
5
7 + 1 + 3 + -4 + -6
1
(0 - -3) + -3 + -5
-5
Calculate -8 + -2 + 12 + -4.
-2
Calculate 4 - (8 - 3) - (1 - 2).
0
Evaluate -69 + 76 - (0 - -9).
-2
What is -3 - (2 + -6) - 0 - 6?
-5
What is -9 + (16 - 10) + 11?
8
Evaluate 0 - (-2 + 1 - (-15 - -13)).
-1
Calculate 2 + 3 - 0 - (-5 + 4).
6
Calculate (-2 - -7) + (-7 - (-2 + 0)).
0
What is -13 + 3 + (-70 - -81)?
1
What is the value of (-5 - (-1 + 3)) + 2?
-5
What is (-2 - -2) + -6 - (-9 + -2)?
5
Evaluate 5 - (-1 + -4 + 9 - 1).
2
What is 1 - -1 - (-1 + 2)?
1
What is the value of -2 + (1 + (5 - 4) - -2)?
2
Calculate (1 - -1 - -3) + -1.
4
-5 - 0 - (40 - 50)
5
Calculate -3 - (-6 + (-1 - -5)).
-1
Evaluate 4 - 0 - (-6 + 14).
-4
3 + (2 - (7 + -4))
2
What is the value of 0 - (-2 + -13 + 9)?
6
Calculate -4 + ((2 - 4) + -1 - -4).
-3
Evaluate -33 + 30 - (3 - 16).
10
What is the value of 0 + -8 + 4 - 1?
-5
What is (-1 - -1) + (11 - (-3 + 12))?
2
Evaluate (-2 + -5 - (-6 + 2)) + 4.
1
(0 - 1) + 0 - -4
3
Evaluate -1 + 11 + -10 + -5.
-5
2 - 2 - (-10 + 9)
1
Calculate (1 - (-2 - -2)) + -2 + -1.
-2
Evaluate (1 - (0 + -2) - 3) + 2.
2
What is -5 + 11 + (1 - -1)?
8
What is (8 - 4) + -1 - (1 - -4)?
-2
What is 6 + -5 - ((-3 - -2) + 0)?
2
What is -32 + 28 - (1 + 1)?
-6
Evaluate (9 - 13 - -11) + 2 + 1.
10
4 + -5 - (-3 - 0)
2
-11 - (-12 + 5) - (-2 - 3)
1
2 - (-11 + 26 - 11)
-2
What is the value of -2 + 11 + -2 + -5?
2
3 - (7 + -3 + -4 + 4)
-1
Calculate 20 - (5 - -9) - -3.
9
(2 - 2) + 1 + -1 + -6
-6
What is the value of 5 + -7 + 2 + 4?
4
Evaluate 8 + -20 + 9 + -6.
-9
Evaluate -2 + 0 - (-136 + 135).
-1
Evaluate (-2 - -4) + (-16 - (-9 - 1)).
-4
Calculate -5 - (-5 + (-5 - -10)) - -5.
0
Calculate -8 + 4 + 8 + -2.
2
What is the value of 5 - (-9 + 5 + 8)?
1
Calculate (3 + 2 - 1) + (1 - 7).
-2
What is the value of -1 - (-6 + 8 + 4 + 0)?
-7
(-9 + 6 + 6 - 1) + -6
-4
What is the value of -2 + -3 + 12 + (2 - 8)?
1
Calculate (1 - (4 + -3)) + 2.
2
29 - 42 - (2 - (-3 - -13))
-5
-3 + -8 + 8 + -2 + -2
-7
What is the value of (6 - (-6 + 2)) + -3?
7
Calculate (0 - 0) + -9 + 16 + -1.
6
What is the value of 3 - ((-3 - (0 + -4)) + 6)?
-4
What is the value of 3 + 0 + 9 + -7?
5
Calculate (-15 - -15) + (0 - -1).
1
What is the value of (-1 - 4) + 8 - (-3 + 1)?
5
What is 2 + (2 - (7 - 5))?
2
Evaluate (-5 - (5 - 18)) + (-23 - -5).
-10
What is (7 - 3 - 0) + -5?
-1
What is 7 + (-1 - (-2 - -3) - 0)?
5
0 - -8 - (-80 - -78)
10
What is 3 - (-1 + (2 - (1 - 1)))?
2
What is the value of 6 + (3 - 3 - 3)?
3
-10 + (-1 - -3) - 1
-9
What is -4 - (-9 - -7) - -4?
2
Calculate (-6 + 15 - 2) + (-6 - -2).
3
-9 + 16 - 3 - 2
2
Evaluate 4 + (0 - (-3 + 8) - -6).
5
Evaluate 6 + -5 + 5 - 0.
6
17 - (9 + 2) - (5 - 1)
2
What is 4 + (3 - 7) - 0 - 4?
-4
-8 + 3 + -2 - -6
-1
What is the value of 3 - ((-1 - -1) + (3 - 1))?
1
What is the value of (1 - 8) + 9 + -1 + 0?
1
What is (1 - 1) + -4 + (9 - -2)?
7
0 + 0 + (-6 - -3) + 6
3
What is the value of 4 + 0 - (10 - 1)?
-5
What is 2 + -3 + 4 + 2?
5
What is -1 + -9 + (32 - 26)?
-4
Calculate (7 - 5) + (-2 - 2) - -1.
-1
What is 3 + -3 + -1 + 6 + -2?
3
Evaluate 3 - 0 - (